  {"id":751,"date":"2025-06-17T15:04:35","date_gmt":"2025-06-17T15:04:35","guid":{"rendered":"https:\/\/www.adelphi.edu\/breast-cancer\/en-espanol\/acerca\/direccion-postal-y-direcciones-2\/"},"modified":"2025-07-31T21:23:35","modified_gmt":"2025-07-31T21:23:35","slug":"conozca-a-nuestro-equipo","status":"publish","type":"page","link":"https:\/\/www.adelphi.edu\/breast-cancer\/en-espanol\/acerca\/conozca-a-nuestro-equipo\/","title":{"rendered":"Conozca a Nuestro Equipo"},"content":{"rendered":"<h2>Personal del programa de l\u00ednea directa y apoyo<\/h2>\n<p>El Programa Estatal de Apoyo para el C\u00e1ncer del Seno de la Universidad Adelphi, se dedica a brindar servicios profesionales de trabajo social con licencia a personas y familias, y a apoyar a todas las personas afectadas por el c\u00e1ncer de seno. Nuestro equipo de profesionales experimentados ofrece servicios de apoyo biling\u00fces (ingl\u00e9s y espa\u00f1ol), educaci\u00f3n y derivaciones en todo el estado de Nueva York.<\/p>\n","protected":false},"excerpt":{"rendered":"<p>Personal del programa de l\u00ednea directa y apoyo El Programa Estatal de Apoyo para el C\u00e1ncer del Seno de la Universidad Adelphi, se dedica a brindar servicios profesionales de trabajo social con licencia a personas y familias, y a apoyar a todas las personas afectadas por el c\u00e1ncer de seno. Nuestro equipo de profesionales experimentados&hellip;<\/p>\n","protected":false},"author":9,"featured_media":0,"parent":247,"menu_order":0,"comment_status":"closed","ping_status":"closed","template":"","meta":{"footnotes":""},"class_list":["post-751","page","type-page","status-publish","hentry"],"acf":[],"yoast_head":"<title>Conozca a Nuestro Equipo | Programa Estatal de New York de la L\u00ednea de Ayuda y Apoyo del C\u00e1ncer del Seno | Universidad Adelphi<\/title>\n<meta name=\"description\" content=\"Nuestro equipo dedicado de profesionales experimentados, incluidos los trabajadores sociales autorizados quienes est\u00e1n aqu\u00ed para ayudar.\" \/>\n<meta name=\"robots\" content=\"index, follow, max-snippet:-1, max-image-preview:large, max-video-preview:-1\" \/>\n<link rel=\"canonical\" href=\"https:\/\/www.adelphi.edu\/breast-cancer\/en-espanol\/acerca\/conozca-a-nuestro-equipo\/\" \/>\n<meta property=\"og:locale\" content=\"en_US\" \/>\n<meta property=\"og:type\" content=\"article\" \/>\n<meta property=\"og:title\" content=\"Conozca a Nuestro Equipo | Programa Estatal de New York de la L\u00ednea de Ayuda y Apoyo del C\u00e1ncer del Seno | Universidad Adelphi\" \/>\n<meta property=\"og:description\" content=\"Nuestro equipo dedicado de profesionales experimentados, incluidos los trabajadores sociales autorizados quienes est\u00e1n aqu\u00ed para ayudar.\" \/>\n<meta property=\"og:url\" content=\"https:\/\/www.adelphi.edu\/breast-cancer\/en-espanol\/acerca\/conozca-a-nuestro-equipo\/\" \/>\n<meta property=\"og:site_name\" content=\"Breast Cancer Hotline &amp; Support Program\" \/>\n<meta property=\"article:modified_time\" content=\"2025-07-31T21:23:35+00:00\" \/>\n<meta property=\"og:image\" content=\"https:\/\/www.adelphi.edu\/breast-cancer\/wp-content\/uploads\/sites\/131\/2024\/05\/430055826_819626160207864_5366787820667679367_n.jpg\" \/>\n\t<meta property=\"og:image:width\" content=\"1500\" \/>\n\t<meta property=\"og:image:height\" content=\"1500\" \/>\n\t<meta property=\"og:image:type\" content=\"image\/jpeg\" \/>\n<meta name=\"twitter:card\" content=\"summary_large_image\" \/>\n<meta name=\"twitter:label1\" content=\"Est. reading time\" \/>\n\t<meta name=\"twitter:data1\" content=\"1 minute\" \/>","yoast_head_json":{"title":"Conozca a Nuestro Equipo | Programa Estatal de New York de la L\u00ednea de Ayuda y Apoyo del C\u00e1ncer del Seno | Universidad Adelphi","description":"Nuestro equipo dedicado de profesionales experimentados, incluidos los trabajadores sociales autorizados quienes est\u00e1n aqu\u00ed para ayudar.","robots":{"index":"index","follow":"follow","max-snippet":"max-snippet:-1","max-image-preview":"max-image-preview:large","max-video-preview":"max-video-preview:-1"},"canonical":"https:\/\/www.adelphi.edu\/breast-cancer\/en-espanol\/acerca\/conozca-a-nuestro-equipo\/","og_locale":"en_US","og_type":"article","og_title":"Conozca a Nuestro Equipo | Programa Estatal de New York de la L\u00ednea de Ayuda y Apoyo del C\u00e1ncer del Seno | Universidad Adelphi","og_description":"Nuestro equipo dedicado de profesionales experimentados, incluidos los trabajadores sociales autorizados quienes est\u00e1n aqu\u00ed para ayudar.","og_url":"https:\/\/www.adelphi.edu\/breast-cancer\/en-espanol\/acerca\/conozca-a-nuestro-equipo\/","og_site_name":"Breast Cancer Hotline &amp; Support Program","article_modified_time":"2025-07-31T21:23:35+00:00","og_image":[{"width":1500,"height":1500,"url":"https:\/\/www.adelphi.edu\/breast-cancer\/wp-content\/uploads\/sites\/131\/2024\/05\/430055826_819626160207864_5366787820667679367_n.jpg","type":"image\/jpeg"}],"twitter_card":"summary_large_image","twitter_misc":{"Est. reading time":"1 minute"},"schema":{"@context":"https:\/\/schema.org","@graph":[{"@type":"WebPage","@id":"https:\/\/www.adelphi.edu\/breast-cancer\/en-espanol\/acerca\/conozca-a-nuestro-equipo\/","url":"https:\/\/www.adelphi.edu\/breast-cancer\/en-espanol\/acerca\/conozca-a-nuestro-equipo\/","name":"Conozca a Nuestro Equipo | Programa Estatal de New York de la L\u00ednea de Ayuda y Apoyo del C\u00e1ncer del Seno | Universidad Adelphi","isPartOf":{"@id":"https:\/\/www.adelphi.edu\/breast-cancer\/#website"},"datePublished":"2025-06-17T15:04:35+00:00","dateModified":"2025-07-31T21:23:35+00:00","description":"Nuestro equipo dedicado de profesionales experimentados, incluidos los trabajadores sociales autorizados quienes est\u00e1n aqu\u00ed para ayudar.","breadcrumb":{"@id":"https:\/\/www.adelphi.edu\/breast-cancer\/en-espanol\/acerca\/conozca-a-nuestro-equipo\/#breadcrumb"},"inLanguage":"en-US","potentialAction":[{"@type":"ReadAction","target":["https:\/\/www.adelphi.edu\/breast-cancer\/en-espanol\/acerca\/conozca-a-nuestro-equipo\/"]}]},{"@type":"BreadcrumbList","@id":"https:\/\/www.adelphi.edu\/breast-cancer\/en-espanol\/acerca\/conozca-a-nuestro-equipo\/#breadcrumb","itemListElement":[{"@type":"ListItem","position":1,"name":"Home","item":"https:\/\/www.adelphi.edu\/breast-cancer\/"},{"@type":"ListItem","position":2,"name":"En Espa\u00f1ol","item":"https:\/\/www.adelphi.edu\/breast-cancer\/en-espanol\/"},{"@type":"ListItem","position":3,"name":"Acerca","item":"https:\/\/www.adelphi.edu\/breast-cancer\/en-espanol\/acerca\/"},{"@type":"ListItem","position":4,"name":"Conozca a Nuestro Equipo"}]},{"@type":"WebSite","@id":"https:\/\/www.adelphi.edu\/breast-cancer\/#website","url":"https:\/\/www.adelphi.edu\/breast-cancer\/","name":"Breast Cancer Hotline &amp; Support Program","description":"","potentialAction":[{"@type":"SearchAction","target":{"@type":"EntryPoint","urlTemplate":"https:\/\/www.adelphi.edu\/breast-cancer\/?s={search_term_string}"},"query-input":{"@type":"PropertyValueSpecification","valueRequired":true,"valueName":"search_term_string"}}],"inLanguage":"en-US"}]}},"new_scheduled_revision":"","save_as_revision":"","_links":{"self":[{"href":"https:\/\/www.adelphi.edu\/breast-cancer\/wp-json\/wp\/v2\/pages\/751"}],"collection":[{"href":"https:\/\/www.adelphi.edu\/breast-cancer\/wp-json\/wp\/v2\/pages"}],"about":[{"href":"https:\/\/www.adelphi.edu\/breast-cancer\/wp-json\/wp\/v2\/types\/page"}],"author":[{"embeddable":true,"href":"https:\/\/www.adelphi.edu\/breast-cancer\/wp-json\/wp\/v2\/users\/9"}],"replies":[{"embeddable":true,"href":"https:\/\/www.adelphi.edu\/breast-cancer\/wp-json\/wp\/v2\/comments?post=751"}],"version-history":[{"count":4,"href":"https:\/\/www.adelphi.edu\/breast-cancer\/wp-json\/wp\/v2\/pages\/751\/revisions"}],"predecessor-version":[{"id":870,"href":"https:\/\/www.adelphi.edu\/breast-cancer\/wp-json\/wp\/v2\/pages\/751\/revisions\/870"}],"up":[{"embeddable":true,"href":"https:\/\/www.adelphi.edu\/breast-cancer\/wp-json\/wp\/v2\/pages\/247"}],"wp:attachment":[{"href":"https:\/\/www.adelphi.edu\/breast-cancer\/wp-json\/wp\/v2\/media?parent=751"}],"curies":[{"name":"wp","href":"https:\/\/api.w.org\/{rel}","templated":true}]}}