  {"id":754,"date":"2025-06-17T15:06:12","date_gmt":"2025-06-17T15:06:12","guid":{"rendered":"https:\/\/www.adelphi.edu\/breast-cancer\/en-espanol\/acerca-2\/"},"modified":"2025-07-02T16:58:29","modified_gmt":"2025-07-02T16:58:29","slug":"la-linea-directa","status":"publish","type":"page","link":"https:\/\/www.adelphi.edu\/breast-cancer\/en-espanol\/la-linea-directa\/","title":{"rendered":"La L\u00ednea Directa"},"content":{"rendered":"<p>Comun\u00edquese con nosotros si a usted o a alguien que ama le han diagnosticado c\u00e1ncer de mama. Si tiene dificultades con el sistema de salud, busque recursos comunitarios vitales o si desea hablar, comun\u00edquese cuando sea necesario con nosotros.<\/p>\n<p><strong>La l\u00ednea directa est\u00e1 disponible todos los d\u00edas de 9:00 am a 9:00 pm y se pueden enviar <\/strong><strong>mensajes de texto de lunes a viernes de 9:00 am a 5:00 pm.<\/strong> Cont\u00e1ctenos hoy mismo por tel\u00e9fono al <strong>800.877.8077<\/strong> o por mensaje de texto al <strong>516.262.3263<\/strong>. Nuestras trabajadoras sociales biling\u00fces certificadas y voluntarias capacitadas est\u00e1n aqu\u00ed para ayudarle.<\/p>\n<div id=\"attachment_697\" class=\"wp-caption aligncenter\"><img loading=\"lazy\" decoding=\"async\" aria-describedby=\"caption-attachment-697\" class=\"wp-image-697 size-full\" src=\"https:\/\/www.adelphi.edu\/breast-cancer\/wp-content\/uploads\/sites\/131\/2025\/05\/Anne_Hogan_Photo_01.jpg\" alt=\"Adelphi Breast Cancer Hotline Volunteer Anne H. answering a call.\" width=\"3840\" height=\"2160\" srcset=\"https:\/\/www.adelphi.edu\/breast-cancer\/wp-content\/uploads\/sites\/131\/2025\/05\/Anne_Hogan_Photo_01.jpg 3840w, https:\/\/www.adelphi.edu\/breast-cancer\/wp-content\/uploads\/sites\/131\/2025\/05\/Anne_Hogan_Photo_01-300x169.jpg 300w, https:\/\/www.adelphi.edu\/breast-cancer\/wp-content\/uploads\/sites\/131\/2025\/05\/Anne_Hogan_Photo_01-1024x576.jpg 1024w, https:\/\/www.adelphi.edu\/breast-cancer\/wp-content\/uploads\/sites\/131\/2025\/05\/Anne_Hogan_Photo_01-768x432.jpg 768w, https:\/\/www.adelphi.edu\/breast-cancer\/wp-content\/uploads\/sites\/131\/2025\/05\/Anne_Hogan_Photo_01-1536x864.jpg 1536w, https:\/\/www.adelphi.edu\/breast-cancer\/wp-content\/uploads\/sites\/131\/2025\/05\/Anne_Hogan_Photo_01-2048x1152.jpg 2048w, https:\/\/www.adelphi.edu\/breast-cancer\/wp-content\/uploads\/sites\/131\/2025\/05\/Anne_Hogan_Photo_01-500x282.jpg 500w, https:\/\/www.adelphi.edu\/breast-cancer\/wp-content\/uploads\/sites\/131\/2025\/05\/Anne_Hogan_Photo_01-740x416.jpg 740w, https:\/\/www.adelphi.edu\/breast-cancer\/wp-content\/uploads\/sites\/131\/2025\/05\/Anne_Hogan_Photo_01-980x552.jpg 980w, https:\/\/www.adelphi.edu\/breast-cancer\/wp-content\/uploads\/sites\/131\/2025\/05\/Anne_Hogan_Photo_01-1220x686.jpg 1220w, https:\/\/www.adelphi.edu\/breast-cancer\/wp-content\/uploads\/sites\/131\/2025\/05\/Anne_Hogan_Photo_01-1440x810.jpg 1440w\" sizes=\"(max-width: 3840px) 100vw, 3840px\" \/><p id=\"caption-attachment-697\" class=\"wp-caption-text\">La l\u00ednea directa est\u00e1 disponible en ingl\u00e9s y espa\u00f1ol. Usted puede recibir asistencia con solo una llamada o un mensaje de texto.<\/p><\/div>\n<h2>Programa entre Pares<\/h2>\n<p>Tenemos la l\u00ednea directa de c\u00e1ncer de mama m\u00e1s antigua del pa\u00eds, que es atendida por voluntarias con supervisi\u00f3n profesional, y todas son sobrevivientes de c\u00e1ncer de mama. Nuestras voluntarias han vivido la experiencia y est\u00e1n listas para brindar informaci\u00f3n sobre referencias para mamograf\u00edas, tratamiento, servicios de apoyo y recursos para sobrevivientes. Nuestro programa de apoyo entre pares conecta a personas con sobrevivientes que han tenido diagn\u00f3sticos y tratamientos similares. Nuestras voluntarias y educadoras comunitarias est\u00e1n disponibles sin costo para brindar educaci\u00f3n sobre salud mamaria en eventos comunitarios tales como reuniones en lugares de culto, ferias de salud, bibliotecas y otros foros. Las voluntarias est\u00e1n aqu\u00ed para brindar apoyo continuo durante todo el proceso y trabajar en\u00a0colaboraci\u00f3n con nuestras trabajadoras sociales para atender mejor sus necesidades.<\/p>\n<p>Todos nuestros servicios son completamente gratuitos y confidenciales.<\/p>\n","protected":false},"excerpt":{"rendered":"<p>Comun\u00edquese con nosotros si a usted o a alguien que ama le han diagnosticado c\u00e1ncer de mama. Si tiene dificultades con el sistema de salud, busque recursos comunitarios vitales o si desea hablar, comun\u00edquese cuando sea necesario con nosotros. La l\u00ednea directa est\u00e1 disponible todos los d\u00edas de 9:00 am a 9:00 pm y se&hellip;<\/p>\n","protected":false},"author":0,"featured_media":0,"parent":318,"menu_order":1,"comment_status":"closed","ping_status":"closed","template":"","meta":{"footnotes":""},"class_list":["post-754","page","type-page","status-publish","hentry"],"acf":[],"yoast_head":"<title>La L\u00ednea Directa | Programa Estatal de New York de la L\u00ednea de Ayuda y Apoyo del C\u00e1ncer del Seno | Universidad Adelphi<\/title>\n<meta name=\"description\" content=\"El Programa Adelphi de C\u00e1ncer de Mama est\u00e1 aqu\u00ed para ayudarla, escucharla y apoyarla a usted y a su familia.\" \/>\n<meta name=\"robots\" content=\"index, follow, max-snippet:-1, max-image-preview:large, max-video-preview:-1\" \/>\n<link rel=\"canonical\" href=\"https:\/\/www.adelphi.edu\/breast-cancer\/en-espanol\/la-linea-directa\/\" \/>\n<meta property=\"og:locale\" content=\"en_US\" \/>\n<meta property=\"og:type\" content=\"article\" \/>\n<meta property=\"og:title\" content=\"La L\u00ednea Directa | Programa Estatal de New York de la L\u00ednea de Ayuda y Apoyo del C\u00e1ncer del Seno | Universidad Adelphi\" \/>\n<meta property=\"og:description\" content=\"El Programa Adelphi de C\u00e1ncer de Mama est\u00e1 aqu\u00ed para ayudarla, escucharla y apoyarla a usted y a su familia.\" \/>\n<meta property=\"og:url\" content=\"https:\/\/www.adelphi.edu\/breast-cancer\/en-espanol\/la-linea-directa\/\" \/>\n<meta property=\"og:site_name\" content=\"Breast Cancer Hotline &amp; Support Program\" \/>\n<meta property=\"article:modified_time\" content=\"2025-07-02T16:58:29+00:00\" \/>\n<meta property=\"og:image\" content=\"https:\/\/www.adelphi.edu\/breast-cancer\/wp-content\/uploads\/sites\/131\/2024\/05\/430055826_819626160207864_5366787820667679367_n.jpg\" \/>\n\t<meta property=\"og:image:width\" content=\"1500\" \/>\n\t<meta property=\"og:image:height\" content=\"1500\" \/>\n\t<meta property=\"og:image:type\" content=\"image\/jpeg\" \/>\n<meta name=\"twitter:card\" content=\"summary_large_image\" \/>\n<meta name=\"twitter:label1\" content=\"Est. reading time\" \/>\n\t<meta name=\"twitter:data1\" content=\"2 minutes\" \/>","yoast_head_json":{"title":"La L\u00ednea Directa | Programa Estatal de New York de la L\u00ednea de Ayuda y Apoyo del C\u00e1ncer del Seno | Universidad Adelphi","description":"El Programa Adelphi de C\u00e1ncer de Mama est\u00e1 aqu\u00ed para ayudarla, escucharla y apoyarla a usted y a su familia.","robots":{"index":"index","follow":"follow","max-snippet":"max-snippet:-1","max-image-preview":"max-image-preview:large","max-video-preview":"max-video-preview:-1"},"canonical":"https:\/\/www.adelphi.edu\/breast-cancer\/en-espanol\/la-linea-directa\/","og_locale":"en_US","og_type":"article","og_title":"La L\u00ednea Directa | Programa Estatal de New York de la L\u00ednea de Ayuda y Apoyo del C\u00e1ncer del Seno | Universidad Adelphi","og_description":"El Programa Adelphi de C\u00e1ncer de Mama est\u00e1 aqu\u00ed para ayudarla, escucharla y apoyarla a usted y a su familia.","og_url":"https:\/\/www.adelphi.edu\/breast-cancer\/en-espanol\/la-linea-directa\/","og_site_name":"Breast Cancer Hotline &amp; Support Program","article_modified_time":"2025-07-02T16:58:29+00:00","og_image":[{"width":1500,"height":1500,"url":"https:\/\/www.adelphi.edu\/breast-cancer\/wp-content\/uploads\/sites\/131\/2024\/05\/430055826_819626160207864_5366787820667679367_n.jpg","type":"image\/jpeg"}],"twitter_card":"summary_large_image","twitter_misc":{"Est. reading time":"2 minutes"},"schema":{"@context":"https:\/\/schema.org","@graph":[{"@type":"WebPage","@id":"https:\/\/www.adelphi.edu\/breast-cancer\/en-espanol\/la-linea-directa\/","url":"https:\/\/www.adelphi.edu\/breast-cancer\/en-espanol\/la-linea-directa\/","name":"La L\u00ednea Directa | Programa Estatal de New York de la L\u00ednea de Ayuda y Apoyo del C\u00e1ncer del Seno | Universidad Adelphi","isPartOf":{"@id":"https:\/\/www.adelphi.edu\/breast-cancer\/#website"},"primaryImageOfPage":{"@id":"https:\/\/www.adelphi.edu\/breast-cancer\/en-espanol\/la-linea-directa\/#primaryimage"},"image":{"@id":"https:\/\/www.adelphi.edu\/breast-cancer\/en-espanol\/la-linea-directa\/#primaryimage"},"thumbnailUrl":"https:\/\/www.adelphi.edu\/breast-cancer\/wp-content\/uploads\/sites\/131\/2025\/05\/Anne_Hogan_Photo_01.jpg","datePublished":"2025-06-17T15:06:12+00:00","dateModified":"2025-07-02T16:58:29+00:00","description":"El Programa Adelphi de C\u00e1ncer de Mama est\u00e1 aqu\u00ed para ayudarla, escucharla y apoyarla a usted y a su familia.","breadcrumb":{"@id":"https:\/\/www.adelphi.edu\/breast-cancer\/en-espanol\/la-linea-directa\/#breadcrumb"},"inLanguage":"en-US","potentialAction":[{"@type":"ReadAction","target":["https:\/\/www.adelphi.edu\/breast-cancer\/en-espanol\/la-linea-directa\/"]}]},{"@type":"ImageObject","inLanguage":"en-US","@id":"https:\/\/www.adelphi.edu\/breast-cancer\/en-espanol\/la-linea-directa\/#primaryimage","url":"https:\/\/www.adelphi.edu\/breast-cancer\/wp-content\/uploads\/sites\/131\/2025\/05\/Anne_Hogan_Photo_01.jpg","contentUrl":"https:\/\/www.adelphi.edu\/breast-cancer\/wp-content\/uploads\/sites\/131\/2025\/05\/Anne_Hogan_Photo_01.jpg","width":3840,"height":2160,"caption":"Adelphi Breast Cancer Hotline Volunteer Anne H. answering a call."},{"@type":"BreadcrumbList","@id":"https:\/\/www.adelphi.edu\/breast-cancer\/en-espanol\/la-linea-directa\/#breadcrumb","itemListElement":[{"@type":"ListItem","position":1,"name":"Home","item":"https:\/\/www.adelphi.edu\/breast-cancer\/"},{"@type":"ListItem","position":2,"name":"En Espa\u00f1ol","item":"https:\/\/www.adelphi.edu\/breast-cancer\/en-espanol\/"},{"@type":"ListItem","position":3,"name":"La L\u00ednea Directa"}]},{"@type":"WebSite","@id":"https:\/\/www.adelphi.edu\/breast-cancer\/#website","url":"https:\/\/www.adelphi.edu\/breast-cancer\/","name":"Breast Cancer Hotline &amp; Support Program","description":"","potentialAction":[{"@type":"SearchAction","target":{"@type":"EntryPoint","urlTemplate":"https:\/\/www.adelphi.edu\/breast-cancer\/?s={search_term_string}"},"query-input":{"@type":"PropertyValueSpecification","valueRequired":true,"valueName":"search_term_string"}}],"inLanguage":"en-US"}]}},"new_scheduled_revision":"","save_as_revision":"","_links":{"self":[{"href":"https:\/\/www.adelphi.edu\/breast-cancer\/wp-json\/wp\/v2\/pages\/754"}],"collection":[{"href":"https:\/\/www.adelphi.edu\/breast-cancer\/wp-json\/wp\/v2\/pages"}],"about":[{"href":"https:\/\/www.adelphi.edu\/breast-cancer\/wp-json\/wp\/v2\/types\/page"}],"replies":[{"embeddable":true,"href":"https:\/\/www.adelphi.edu\/breast-cancer\/wp-json\/wp\/v2\/comments?post=754"}],"version-history":[{"count":8,"href":"https:\/\/www.adelphi.edu\/breast-cancer\/wp-json\/wp\/v2\/pages\/754\/revisions"}],"predecessor-version":[{"id":831,"href":"https:\/\/www.adelphi.edu\/breast-cancer\/wp-json\/wp\/v2\/pages\/754\/revisions\/831"}],"up":[{"embeddable":true,"href":"https:\/\/www.adelphi.edu\/breast-cancer\/wp-json\/wp\/v2\/pages\/318"}],"wp:attachment":[{"href":"https:\/\/www.adelphi.edu\/breast-cancer\/wp-json\/wp\/v2\/media?parent=754"}],"curies":[{"name":"wp","href":"https:\/\/api.w.org\/{rel}","templated":true}]}}