  {"id":756,"date":"2025-06-17T15:07:22","date_gmt":"2025-06-17T15:07:22","guid":{"rendered":"https:\/\/www.adelphi.edu\/breast-cancer\/en-espanol\/la-linea-directa-2\/"},"modified":"2025-06-18T13:05:30","modified_gmt":"2025-06-18T13:05:30","slug":"apoyenos","status":"publish","type":"page","link":"https:\/\/www.adelphi.edu\/breast-cancer\/en-espanol\/apoyenos\/","title":{"rendered":"Ap\u00f3yenos"},"content":{"rendered":"<p>Como organizaci\u00f3n estatal sin fines de lucro, brindamos servicios gratuitos de trabajo social biling\u00fce, apoyo de pares y educaci\u00f3n a la comunidad del c\u00e1ncer de mama.<\/p>\n<p>Para obtener m\u00e1s informaci\u00f3n sobre las formas en que usted puede participar, comun\u00edquese con Angela Papalia, LMSW a <a href=\"mailto:apapalia@adelphi.edu\">apapalia@adelphi.edu<\/a><\/p>\n","protected":false},"excerpt":{"rendered":"<p>Como organizaci\u00f3n estatal sin fines de lucro, brindamos servicios gratuitos de trabajo social biling\u00fce, apoyo de pares y educaci\u00f3n a la comunidad del c\u00e1ncer de mama. Para obtener m\u00e1s informaci\u00f3n sobre las formas en que usted puede participar, comun\u00edquese con Angela Papalia, LMSW a apapalia@adelphi.edu<\/p>\n","protected":false},"author":0,"featured_media":0,"parent":318,"menu_order":7,"comment_status":"closed","ping_status":"closed","template":"","meta":{"footnotes":""},"class_list":["post-756","page","type-page","status-publish","hentry"],"acf":[],"yoast_head":"<title>Ap\u00f3yenos | Programa Estatal de New York de la L\u00ednea de Ayuda y Apoyo del C\u00e1ncer del Seno | Universidad Adelphi<\/title>\n<meta name=\"description\" content=\"Hay muchas maneras de participar en el Programa de apoyo y l\u00ednea directa sobre c\u00e1ncer de mama de Adelphi NY en todo el estado.\" \/>\n<meta name=\"robots\" content=\"index, follow, max-snippet:-1, max-image-preview:large, max-video-preview:-1\" \/>\n<link rel=\"canonical\" href=\"https:\/\/www.adelphi.edu\/breast-cancer\/en-espanol\/apoyenos\/\" \/>\n<meta property=\"og:locale\" content=\"en_US\" \/>\n<meta property=\"og:type\" content=\"article\" \/>\n<meta property=\"og:title\" content=\"Ap\u00f3yenos | Programa Estatal de New York de la L\u00ednea de Ayuda y Apoyo del C\u00e1ncer del Seno | Universidad Adelphi\" \/>\n<meta property=\"og:description\" content=\"Hay muchas maneras de participar en el Programa de apoyo y l\u00ednea directa sobre c\u00e1ncer de mama de Adelphi NY en todo el estado.\" \/>\n<meta property=\"og:url\" content=\"https:\/\/www.adelphi.edu\/breast-cancer\/en-espanol\/apoyenos\/\" \/>\n<meta property=\"og:site_name\" content=\"Breast Cancer Hotline &amp; Support Program\" \/>\n<meta property=\"article:modified_time\" content=\"2025-06-18T13:05:30+00:00\" \/>\n<meta property=\"og:image\" content=\"https:\/\/www.adelphi.edu\/breast-cancer\/wp-content\/uploads\/sites\/131\/2024\/05\/430055826_819626160207864_5366787820667679367_n.jpg\" \/>\n\t<meta property=\"og:image:width\" content=\"1500\" \/>\n\t<meta property=\"og:image:height\" content=\"1500\" \/>\n\t<meta property=\"og:image:type\" content=\"image\/jpeg\" \/>\n<meta name=\"twitter:card\" content=\"summary_large_image\" \/>\n<meta name=\"twitter:label1\" content=\"Est. reading time\" \/>\n\t<meta name=\"twitter:data1\" content=\"1 minute\" \/>","yoast_head_json":{"title":"Ap\u00f3yenos | Programa Estatal de New York de la L\u00ednea de Ayuda y Apoyo del C\u00e1ncer del Seno | Universidad Adelphi","description":"Hay muchas maneras de participar en el Programa de apoyo y l\u00ednea directa sobre c\u00e1ncer de mama de Adelphi NY en todo el estado.","robots":{"index":"index","follow":"follow","max-snippet":"max-snippet:-1","max-image-preview":"max-image-preview:large","max-video-preview":"max-video-preview:-1"},"canonical":"https:\/\/www.adelphi.edu\/breast-cancer\/en-espanol\/apoyenos\/","og_locale":"en_US","og_type":"article","og_title":"Ap\u00f3yenos | Programa Estatal de New York de la L\u00ednea de Ayuda y Apoyo del C\u00e1ncer del Seno | Universidad Adelphi","og_description":"Hay muchas maneras de participar en el Programa de apoyo y l\u00ednea directa sobre c\u00e1ncer de mama de Adelphi NY en todo el estado.","og_url":"https:\/\/www.adelphi.edu\/breast-cancer\/en-espanol\/apoyenos\/","og_site_name":"Breast Cancer Hotline &amp; Support Program","article_modified_time":"2025-06-18T13:05:30+00:00","og_image":[{"width":1500,"height":1500,"url":"https:\/\/www.adelphi.edu\/breast-cancer\/wp-content\/uploads\/sites\/131\/2024\/05\/430055826_819626160207864_5366787820667679367_n.jpg","type":"image\/jpeg"}],"twitter_card":"summary_large_image","twitter_misc":{"Est. reading time":"1 minute"},"schema":{"@context":"https:\/\/schema.org","@graph":[{"@type":"WebPage","@id":"https:\/\/www.adelphi.edu\/breast-cancer\/en-espanol\/apoyenos\/","url":"https:\/\/www.adelphi.edu\/breast-cancer\/en-espanol\/apoyenos\/","name":"Ap\u00f3yenos | Programa Estatal de New York de la L\u00ednea de Ayuda y Apoyo del C\u00e1ncer del Seno | Universidad Adelphi","isPartOf":{"@id":"https:\/\/www.adelphi.edu\/breast-cancer\/#website"},"datePublished":"2025-06-17T15:07:22+00:00","dateModified":"2025-06-18T13:05:30+00:00","description":"Hay muchas maneras de participar en el Programa de apoyo y l\u00ednea directa sobre c\u00e1ncer de mama de Adelphi NY en todo el estado.","breadcrumb":{"@id":"https:\/\/www.adelphi.edu\/breast-cancer\/en-espanol\/apoyenos\/#breadcrumb"},"inLanguage":"en-US","potentialAction":[{"@type":"ReadAction","target":["https:\/\/www.adelphi.edu\/breast-cancer\/en-espanol\/apoyenos\/"]}]},{"@type":"BreadcrumbList","@id":"https:\/\/www.adelphi.edu\/breast-cancer\/en-espanol\/apoyenos\/#breadcrumb","itemListElement":[{"@type":"ListItem","position":1,"name":"Home","item":"https:\/\/www.adelphi.edu\/breast-cancer\/"},{"@type":"ListItem","position":2,"name":"En Espa\u00f1ol","item":"https:\/\/www.adelphi.edu\/breast-cancer\/en-espanol\/"},{"@type":"ListItem","position":3,"name":"Ap\u00f3yenos"}]},{"@type":"WebSite","@id":"https:\/\/www.adelphi.edu\/breast-cancer\/#website","url":"https:\/\/www.adelphi.edu\/breast-cancer\/","name":"Breast Cancer Hotline &amp; Support Program","description":"","potentialAction":[{"@type":"SearchAction","target":{"@type":"EntryPoint","urlTemplate":"https:\/\/www.adelphi.edu\/breast-cancer\/?s={search_term_string}"},"query-input":{"@type":"PropertyValueSpecification","valueRequired":true,"valueName":"search_term_string"}}],"inLanguage":"en-US"}]}},"new_scheduled_revision":"","save_as_revision":"","_links":{"self":[{"href":"https:\/\/www.adelphi.edu\/breast-cancer\/wp-json\/wp\/v2\/pages\/756"}],"collection":[{"href":"https:\/\/www.adelphi.edu\/breast-cancer\/wp-json\/wp\/v2\/pages"}],"about":[{"href":"https:\/\/www.adelphi.edu\/breast-cancer\/wp-json\/wp\/v2\/types\/page"}],"replies":[{"embeddable":true,"href":"https:\/\/www.adelphi.edu\/breast-cancer\/wp-json\/wp\/v2\/comments?post=756"}],"version-history":[{"count":4,"href":"https:\/\/www.adelphi.edu\/breast-cancer\/wp-json\/wp\/v2\/pages\/756\/revisions"}],"predecessor-version":[{"id":814,"href":"https:\/\/www.adelphi.edu\/breast-cancer\/wp-json\/wp\/v2\/pages\/756\/revisions\/814"}],"up":[{"embeddable":true,"href":"https:\/\/www.adelphi.edu\/breast-cancer\/wp-json\/wp\/v2\/pages\/318"}],"wp:attachment":[{"href":"https:\/\/www.adelphi.edu\/breast-cancer\/wp-json\/wp\/v2\/media?parent=756"}],"curies":[{"name":"wp","href":"https:\/\/api.w.org\/{rel}","templated":true}]}}